e?
True
Is (-2)/6 + (-130431168)/(-324) prime?
False
Suppose 0*m - 26 = -5*y - m, 5*m = 2*y - 32. Let u be 7084/(-6) - (-4)/y. Let r = -279 - u. Is r composite?
True
Let k(b) = 94*b**2 - 125*b - 1058. Is k(-19) prime?
True
Suppose 0 = 3*o + 5 - 23. Let g be 4/o*((-2)/(-1) - -1). Is (g*-16 + 1)*-1 composite?
False
Is (-6)/10 - ((-12716016)/15)/19 a prime number?
True
Suppose 11*n + 2*n = 0. Let c be 7 + -14 - (-1 + n - -1). Let f(w) = -4*w**3 + 2*w**2 + 8*w - 5. Is f(c) composite?
False
Let r(z) = 10437*z**2 - 333*z + 1967. Is r(6) composite?
True
Let y(g) = g. Let t be y(-9). Is (-6)/t*1/(-2)*-8703 a composite number?
True
Suppose 2*p + 97452 = 4*y, y = 4*y + 4*p - 73067. Suppose -y = -32*n - 1673. Is n a composite number?
False
Let h be (1 + -4)*(2 + -3). Suppose -60 = -o + c, h*c = -o + 70 + 6. Is (-4)/(-2) + o + -7 composite?
False
Let u = -2664 - -13195. Let r = u - 4062. Is r a composite number?
False
Suppose -9*h - 16779 = -4*z - 4*h, 5*z - 20946 = -3*h. Suppose -18*w + 21*w = -3*a + z, 6985 = 5*w - 2*a. Is w a composite number?
True
Suppose 2*g + 3*x - 7742 = 0, -3*g + 5*x + 10749 + 826 = 0. Suppose 79*p + g = 80*p. Is p prime?
False
Let j = 4 + 0. Suppose 0 = j*l - 2919 - 413. Let r = l - 579. Is r a composite number?
True
Suppose 2*r = 5*i + 11915, 0 = 29*r - 28*r - i - 5962. Is r a prime number?
False
Suppose 2*n + 42043 = 3*n + b, b = 3*n - 126129. Is n prime?
True
Let d = 7256 - 3235. Let w = d - 2510. Is w composite?
False
Is 14379780/33 + 2/(-1 + 23) composite?
False
Let q(r) = -749*r**3 + 17*r**2 + 24*r - 335. Is q(-8) prime?
True
Let x be (-245421)/6*(-30)/45. Suppose 2*t = x + 3053. Is t a prime number?
True
Let j(n) = -8*n**3 - 11*n**2 - 7*n + 17. Let x be j(-9). Suppose 0*w = w - 4*h + 3270, 4 = 2*h. Let f = x + w. Is f a composite number?
False
Let w = 7575 - 5283. Suppose -w = -21*x + 17*x. Is x a composite number?
True
Suppose 16*r = -28*r + 11143131 + 4455001. Is r a composite number?
True
Is (354/885)/((-4)/(-402310)) prime?
True
Let k be ((-58)/(-261))/(1/18). Suppose 4*s + j - 2056 = 0, 0*s - k*j - 2591 = -5*s. Is s a prime number?
False
Suppose 5*k = 5*c - 8379620, 4*c + 76*k - 6703738 = 74*k. Is c a prime number?
True
Let c = 2865 + 944. Is c a prime number?
False
Suppose 0 = -x - 4*t + 51, 4 - 8 = -4*t. Suppose x*w = 82728 - 20923. Is w prime?
False
Let x(o) = 2*o**3 - 14*o**2 - o + 11. Let a be x(7). Suppose 0 = -5*h - 15, -a*i + 7*i = -h + 16554. Is i prime?
True
Let j = 191 + -168. Suppose -j*u + 2481 = -48188. Is u prime?
True
Suppose 0 = 27*a - 453226 - 376727. Is a a prime number?
False
Is (-23)/(230/(-60)) - -29472 - 5 a composite number?
False
Suppose 4*k - 17 = -1. Suppose -k*o + 176381 = -c, -3*o + 9439 = -c - 122847. Is o a prime number?
False
Suppose 0 = -5*b - 0*b + 27215. Let f = b - 12768. Is 9/6 - (0 + f/10) a prime number?
False
Let f(j) = -j**3 + 18*j**2 - 13*j - 7. Let b(n) = -7*n**2 + n + 3. Let d(o) = o**2 + o. Let x(t) = -b(t) + 4*d(t). Let i be x(1). Is f(i) a prime number?
False
Suppose 5*h - 15 = 0, -s - 5 = -h + 4. Is -4 + (-8055)/(s/2) a composite number?
True
Let h(a) = -3 + 14 - 39*a - 2 + 8. Let p be h(-7). Suppose 0*y - 5*y = -p. Is y a prime number?
False
Let g be (-703)/171 + 2/18. Is (-2)/((48/4098)/g) a prime number?
True
Let p(b) be the second derivative of -b**5/20 + b**4/12 - b**3/2 + 2095*b**2/2 - 11*b. Is p(0) a composite number?
True
Let h = -4855 + 9524. Let o = h + 114. Is o a prime number?
True
Suppose 13*k = 76197 + 62110. Is k composite?
False
Let v = -1932 - -8479. Is v a composite number?
False
Suppose -5*j + l + 0*l = -705, -5*l = 5*j - 705. Suppose 136*o + 1005 = j*o. Is o a prime number?
False
Let u be 14 - ((-42)/105)/(2/10). Suppose -7693 = u*s - 31869. Is s prime?
True
Let x(d) = 12*d**2 + 92*d - 41. Let v be x(-51). Let g = v - -1950. Is g a composite number?
False
Let r = 14877 + 8857. Let y = r + -11025. Is y a prime number?
False
Let b = -20189 + 46528. Is b prime?
True
Let j(b) = -b**3 - 12*b**2 + 38*b + 24. Let h(i) = -10*i - 119. Let k be h(-10). Is j(k) a composite number?
True
Suppose -181*s = 13*s - 93512074. Is s prime?
True
Suppose -35*y + 2641672 = -6299998 - 1032595. Is y composite?
True
Suppose 0 = 16*f - 14*f - 132. Suppose 3*m - 119 = -3*j + j, -301 = -5*j - 4*m. Let o = j + f. Is o prime?
True
Is (-2679634)/(-30) - (-208)/(-1560) a composite number?
True
Is 32423 + (-2)/(-1)*(-34)/17 a composite number?
True
Let v(n) = 15*n**2 + 8*n + 128 - 6*n**2 - 244 + 122. Let u be (-5)/2*1*2. Is v(u) a composite number?
False
Let g(v) = 14*v - 16. Let d be g(9). Is (-4 + d/25)*2155 - 0 a composite number?
True
Let r = 145 - 140. Let g(w) = 4*w**2 - 14*w - 7. Is g(r) a composite number?
False
Let b(p) be the third derivative of -231*p**5/40 + 17*p**4/24 + 2*p**3/3 + 23*p**2. Let w(v) be the first derivative of b(v). Is w(-4) a prime number?
True
Let m = 244 + -82. Suppose -3*b + b + r - m = 0, 2*b - 4*r = -168. Is (-28660)/b + (-3)/(-4) prime?
True
Suppose 13*p - 14*p = 4*a - 26550, -a + 6628 = 5*p. Let r = 9937 - a. Is r composite?
False
Suppose 0 = 3*b - 11*b - 320. Let t be (-64)/b - 2/(-5). Let j(i) = 11*i. Is j(t) a composite number?
True
Suppose -3*m + 3*q = -56685, m = -3*q + 10688 + 8191. Suppose 39*o - m = 30*o. Is o composite?
False
Suppose 0 = -2*j - o - o + 6190, 5*o = -2*j + 6187. Suppose 0 = -5*l + l + j. Suppose 132 - l = -2*f. Is f composite?
True
Suppose 2*k + 2*v - 58372 = 7*k, 4*k - 5*v = -46701. Is (k/8)/(22/(-88)) composite?
True
Let y = 87475 - 44632. Is y prime?
False
Suppose 6 = 60*i - 58*i, 4*i + 17426 = 2*h. Is h a composite number?
False
Let v = 149013 - 51940. Is v a composite number?
False
Let s be 3 + (-1 - 1)/2. Suppose 69 = 6*z - 2157. Suppose -s*p + z = -215. Is p a composite number?
False
Suppose -12 = v + 9. Let z(h) = 17 - h**2 + 23 - 3 - 26*h. Is z(v) a prime number?
False
Let s = -18 - -18. Suppose 0 = -a + 4*d + 8, -2*d + 2 = -s*d. Suppose -a*p - 1545 = -17*p. Is p a composite number?
True
Suppose -4*w = -2*i - 32, -3*i + 2*w - 64 = 2*i. Let j(m) = 3*m + 35. Let a be j(i). Is -3*(a + 0) + 667 + 3 composite?
False
Let u = -3844 - -2674. Let m = u - -2149. Is m composite?
True
Let m = 29 + -26. Let a(u) = 0*u - 1 + 10*u + 3*u - 23*u - u**m - 14*u**2. Is a(-16) a composite number?
True
Let d(z) = -231*z**2 - 27*z**2 - 68*z**2 + 55*z - 20*z**2 + 16. Let k(h) = 69*h**2 - 11*h - 3. Let t(q) = 2*d(q) + 11*k(q). Is t(-3) composite?
True
Suppose -333554 - 428560 = -6*w. Is w prime?
False
Suppose 4*g - 14103 + 262771 = 4*x, -5*g + 310875 = 5*x. Is x a prime number?
True
Suppose -636*p = -601*p - 4043172 + 1362907. Is p prime?
True
Suppose 0 = -2*y + 3*o + 136096, 204178 = 3*y + 2*o + 2*o. Suppose y = 10*j + 4*j. Is j composite?
False
Let b(p) = -12*p**3 - 16*p**3 + p**3 - 7*p**2 - 6*p + 1 - 2*p. Is b(-3) composite?
False
Suppose -7*t - 4*r = -8*r - 1033249, -5*r = 3*t - 442821. Is t prime?
True
Suppose 3*w - 15 = -4*d, -2*d + 4*w + 7 = 5. Suppose -j = 3*b + b + 18, -2*j - 31 = d*b. Is (-129 + 2)*42/j composite?
True
Suppose -30*t + 6360 + 13410 = 0. Suppose 6*c - t = 85963. Is c a composite number?
False
Let n(k) = -k**3 - 30*k**2 - 4*k - 31. Let a = 105 - 135. Is n(a) prime?
True
Let p be -2 + (5 + -7)*3. Is ((-661905)/(-180))/((-3)/p - 0) composite?
True
Let q = -765 + 756. Let y(w) = -18*w**3 + 8*w**2 - 6*w + 5. Is y(q) prime?
True
Let b(x) = 755*x**2 + 42*x + 259. Is b(-6) a composite number?
True
Suppose -3*n - n = -12. Let w be (n + 27)/((-2)/(-11)). Is ((-347)/6*4)/((-22)/w) a prime number?
False
Suppose 56*w - 437993 = 6694895. Is w composite?
False
Is -5*((-20)/(200/70) - (17776 + 0)) composite?
True
Suppose 16862 - 46027 = -95*z. Is z composite?
False
Let h(d) = 14*d - 179. Let i(y) = y**2 + 15*y - 98. Let b be i(-21). Is h(b) a composite number?
True
Suppose 24*f + 8424 = 28*f. Suppose -f = -2*u + 4*g, -5*u - 5*g + 2889 = -2436. Is u composite?
False
Suppose -4*p + 8973 = -4811. Let j = p + -1965. Is j a composite number?
False
Suppose -5*w + p = -6310, 10*w - 14*w + 5048 = 2*p. Suppose 6 + 4 = 2*x, o - w = -3*x. Is o a composite number?
True
Let d = -4510 - -2495. Let t = 3574 + d. Is t composite?
False
Let i = -197 - -233. Is ((-189)/i + 4)*(-1 + -1851) a prime number?
False
Is (382684/6)/((64/(-12))/(-8)) a co